(m) = 4*m + 33. Determine h(-1).
29
Let x(p) = -6*p**2 - 4*p + 27. What is x(4)?
-85
Let c(n) = 9*n + 4. What is c(3)?
31
Let w(i) = -30*i - 126. Calculate w(-5).
24
Let x(q) = q**3 + 7*q**2 + 5*q + 7. Determine x(-7).
-28
Let j(m) = -2*m**3 + 7*m**2 + 18. Determine j(4).
2
Let v(f) = -f**3 + 9*f**2 - 19*f + 2. Determine v(6).
-4
Let b(a) = -a**2 + 17*a - 27. Give b(15).
3
Let f(s) = -19*s**2. Calculate f(-1).
-19
Let c(o) = -13*o**3 + o**2 + o. Calculate c(-1).
13
Let u(x) = -x**3 - 4*x**2 + 4*x - 7. Determine u(-5).
-2
Let g(h) = -h**2 + 3*h + 4. Determine g(3).
4
Let u(p) = -p**3 + 8*p**2 - 10*p - 8. What is u(4)?
16
Let f(t) = 8*t + 4. Calculate f(-1).
-4
Let j(r) = -r**2 - 4*r + 12. Calculate j(-5).
7
Let s(x) = 3*x - 7. Give s(2).
-1
Let q(o) = -o**2 + 12*o - 12. Determine q(6).
24
Let s(r) = -r**3 + 24*r**2 + r - 21. Give s(24).
3
Let x(k) = k**3 + 6*k**2 + 2*k - 5. Determine x(-5).
10
Let a(f) = f**2 - 15*f + 53. Calculate a(10).
3
Let y(u) = -u**3 - u**2 + 41. Determine y(0).
41
Let g(a) = a**2 - 29*a - 61. What is g(31)?
1
Let k(z) = z + 5. Calculate k(0).
5
Let w(k) = -k**3 + 13*k**2 + 4*k - 53. Calculate w(13).
-1
Let c(n) = n - 9. What is c(15)?
6
Let w(p) = p**3 + 21*p**2 - 20*p + 45. What is w(-22)?
1
Let w(h) = h**3 + 13*h**2 + 13*h + 14. Determine w(-12).
2
Let g(p) = 7*p - 144. Give g(19).
-11
Let f(v) = v**3 - 6*v**2 - 8*v + 13. Give f(7).
6
Let o(x) = x - 3. Give o(-8).
-11
Let p(c) = -2*c - 1. What is p(-6)?
11
Let t(k) = -9*k + 8. Calculate t(-4).
44
Let d(p) = -16*p - 272. Determine d(-16).
-16
Let u(q) = -q**2 - 15*q - 3. Give u(-15).
-3
Let d(q) = -q**3 + 3*q**2 + 9*q - 12. What is d(5)?
-17
Let g(d) = 29*d**2 + 7*d + 8. What is g(-1)?
30
Let n(c) = -c**3 - 14*c**2 + c + 17. What is n(-14)?
3
Let k(y) = -2*y**2 + 3*y + 1. What is k(-4)?
-43
Let i(j) = j - 22. What is i(12)?
-10
Let j(s) = -5*s**2 - 46*s - 94. Determine j(-2).
-22
Let n(s) = 13*s - 76. Calculate n(7).
15
Let b(l) = l**3 - 12*l**2 + l + 5. Calculate b(12).
17
Let j(h) = -h**2 + 27*h + 190. What is j(-6)?
-8
Let j(w) = 2*w**2 - 49*w + 20. Calculate j(24).
-4
Let h(u) = -u**2 + 13*u - 4. Give h(13).
-4
Let n(r) = 2*r + 18. What is n(-5)?
8
Let m(i) = -i**3 - 17*i**2 + 2*i + 26. Give m(-17).
-8
Let x(t) = -t - 17. Calculate x(-15).
-2
Let c(w) = -4*w**3 - w**2 + w - 6. What is c(-2)?
20
Let g(n) = n**2 - 7*n - 188. What is g(-10)?
-18
Let w(h) = -19*h**2 + 2*h - 1. What is w(1)?
-18
Let b(s) = -77*s + 10. Calculate b(2).
-144
Let l(u) = 2*u**2 + 13*u - 26. Determine l(-8).
-2
Let t(i) = 2*i**3 - 15*i**2 + 7*i - 9. Give t(6).
-75
Let o(j) = -j**2 + 19*j + 30. What is o(21)?
-12
Let d(j) = -j**3 + 5*j**2 - 4*j + 1. Determine d(3).
7
Let f(r) = -3*r - 21. Determine f(-7).
0
Let i(n) = -n**3 - 2*n**2 - n - 79. Give i(0).
-79
Let p(m) = 33*m - 990. Calculate p(30).
0
Let j(h) = -h**3 + 13*h**2 + 13*h + 6. Calculate j(14).
-8
Let q(j) = -j**3 - 8*j**2 - 15*j - 15. Give q(-6).
3
Let z(p) = -8*p - 108. Calculate z(-13).
-4
Let b(d) = -d**2 - 15*d - 27. Determine b(-13).
-1
Let f(h) = 2*h**2 + 92*h + 8. Calculate f(-46).
8
Let p(m) = m**2 - 10*m + 14. Give p(9).
5
Let l(k) = k**2 + 2*k - 4. Give l(-3).
-1
Let l(b) = -b**3 - 2*b**2 - 5*b - 4. Give l(-1).
0
Let f(a) = -a**2 - 16*a - 9. Give f(-8).
55
Let a(l) = l**2 - 2*l - 33. Give a(13).
110
Let v(p) = p**3 + 6*p + 4. What is v(-2)?
-16
Let m(o) = -12*o + 283. Determine m(24).
-5
Let i(p) = p**3 + 24*p**2 - 26*p - 32. Calculate i(-25).
-7
Let f(i) = -4*i**2 + 30*i + 4. Calculate f(8).
-12
Let c(t) = -t**2 - 23*t + 2118. Give c(36).
-6
Let x(b) = b - 22. Give x(16).
-6
Let j(o) = -5*o - 5. Give j(-4).
15
Let f(y) = 5*y**2 - 164*y - 29. What is f(33)?
4
Let s(t) = t + 30. What is s(-16)?
14
Let h(z) = -11*z**2 + 3*z - 3. What is h(-3)?
-111
Let u(z) = -5*z + 2. What is u(-4)?
22
Let t(q) = q**3 + 8*q**2 + 2*q + 11. What is t(-8)?
-5
Let y(v) = v**3 - 2*v**2 + v + 2. Calculate y(-1).
-2
Let s(k) = k**3 + 6*k**2 + 7*k + 16. What is s(-5)?
6
Let m(h) = -h**3 - 39*h**2 + 2*h + 79. Determine m(-39).
1
Let w(s) = -s**3 - 9*s**2 - 6*s + 6. Give w(-8).
-10
Let w(m) = m**2 + 3*m - 35. Give w(-10).
35
Let i(d) = -4*d + 10. What is i(4)?
-6
Let w(y) = -y**2 - 3*y - 43. What is w(0)?
-43
Let g(h) = h**3 - 15*h**2 + 16*h + 9. Give g(14).
37
Let s(q) = -7*q. What is s(2)?
-14
Let i(t) = 2*t**3 - 7*t**2 + 2*t. What is i(3)?
-3
Let m(t) = t**2 + 31*t - 30. Give m(-32).
2
Let h(y) = y + 10. What is h(-10)?
0
Let q(i) = -i**2 + 15*i - 26. Give q(13).
0
Let z(v) = v**3 - 20*v**2 + 19*v + 13. Calculate z(19).
13
Let j(w) = 2*w + 4. Give j(5).
14
Let c(z) = -3*z - 62. Determine c(-26).
16
Let k(y) = y**3 - 4*y**2 + 3*y + 3. Give k(3).
3
Let h(t) = -26*t**3 + t**2 + t + 1. Calculate h(-1).
27
Let q(w) = -w**3 + 23*w**2 - 67*w - 27. Give q(20).
-167
Let g(d) = d**2 + 7*d - 69. Calculate g(6).
9
Let o(f) = f**3 - 14*f**2 + 24*f. Calculate o(12).
0
Let g(l) = l**3 + 13*l**2 - l + 13. Give g(-13).
26
Let n(m) = -19*m + 4. Calculate n(1).
-15
Let g(a) = a**2 - 12*a - 4. What is g(10)?
-24
Let h(y) = y**3 + 3*y**2 - 2*y + 7. What is h(-4)?
-1
Let k(o) = -27*o - 1. Determine k(2).
-55
Let r(q) = -q**3 + 9*q**2 + 9*q - 74. Calculate r(9).
7
Let c(f) = 49*f + 1617. Give c(-33).
0
Let w(s) = -6*s**2 + 3*s + 1. Give w(-2).
-29
Let u(b) = -3*b**2 - 5*b - 1. Calculate u(-4).
-29
Let h(i) = i**2 + 8*i + 10. What is h(-4)?
-6
Let w(n) = n + 15. Calculate w(-22).
-7
Let h(f) = 3*f**3 + 17*f**2 + f - 7. Give h(-6).
-49
Let u(f) = -f**2 - 5*f + 11. Give u(-12).
-73
Let q(b) = 4*b**3 + 5*b + 3. Give q(-2).
-39
Let u(n) = 3*n**2 - n. What is u(-1)?
4
Let u(o) = -o**2 + 19*o + 1. What is u(20)?
-19
Let l(m) = -m**2 + 2*m + 4. What is l(7)?
-31
Let k(q) = -q**3 + 6*q**2 - 6*q + 4. Determine k(4).
12
Let r(n) = -2*n**3 - 4*n**2 + 3*n. Give r(1).
-3
Let w(q) = 2*q**3 - 6*q**2 - 12*q + 37. Determine w(3).
1
Let r(a) = -a + 37. Calculate r(24).
13
Let v(z) = z**2 - 4*z - 38. Calculate v(8).
-6
Let l(c) = -c**2 - 5*c - 4. Calculate l(-14).
-130
Let l(w) = -w**3 + 9*w**2 + 8*w + 12. What is l(10)?
-8
Let j(x) = -3*x - 21. Calculate j(-7).
0
Let m(y) = -5*y + 24. Calculate m(21).
-81
Let v(s) = -s**3 + 16*s**2 + 1. Give v(16).
1
Let r(f) = f**3 - 6*f**2 - f + 20. Calculate r(4).
-16
Let a(i) = 2*i + 2. Give a(14).
30
Let h(n) = -7*n + 1. What is h(-10)?
71
Let l(j) = 4*j**2 - 48*j - 16. Determine l(12).
-16
Let i(d) = -d**3 + 12*d**2 - 13*d + 20. Determine i(11).
-2
Let f(t) = t**3 - 20*t**2 + 13*t + 25. Determine f(19).
-89
Let b(v) = -v - 79. What is b(-28)?
-51
Let w(n) = 2*n**3 + 17*n**2 - 8*n + 10. Calculate w(-10).
-210
Let h(z) = z**3 + 2*z**2 - 9*z - 3. Determine h(4).
57
Let l(t) = 2*t**3 - 21*t**2 + 11*t - 2. Calculate l(10).
8
Let m(z) = 50*z - 203. What is m(4)?
-3
Let p(i) = -13*i - 126. Give p(-9).
-9
Let h(f) = -3*f + 48. What is h(10)?
18
Let k(j) = j**2 + 14*j - 3. Determine k(-14).
-3
Let q(h) = -2*h**2 + h + 53. Calculate q(6).
-13
Let b(f) = f**3 - 15*f**2 - 2. Determine b(15).
-2
Let f(o) = 23*o**3 + o**2 - o - 1. Calculate f(-1).
-22
Let f(m) = m + 4. Determine f(0).
4
Let a(m) = 2*m**2 - 25*m - 1. Calculate a(13).
12
Let c(m) = -4*m**3 - m**2 - 2*m - 1. What is c(-1)?
4
Let b(c) = 3*c**3 - c**2 - 8*c - 1. Determine b(-3).
-67
Let k(i) = -i**3 + 7*i**2 - i + 9. Give k(5).
54
Let b(r) = -r**3 + 7*r**2 - 4*r + 5. Calculate b(6).
17
Let v(y) = y**3 - 5*y**2 - 7*y + 3. What is v(6)?
-3
Let x(j) = -5*j + 13. Determine x(4).
-7
Let y(j) = -j - 24. Calculate y(-11).
-13
Let k(t) = 3*t**2 + 16*t - 16. Determine k(-8).
48
Let x(l) = -l**2 - 8*l - 9. Give x(-6).
3
Let d(v) = v**3 - 12*v**2 + 12*v - 15. Calculate d(11).
-4
Let q(b) = 53*b**3 - b**2 - 3*b - 2. Give q(-1).
-53
Let w(u) = -36*u**3 - 2*u + 1. Calculate w(1).
-37
Let s(g) = -g**2 - 12*g - 16. What is s(-8)?
16
Let w(h) = 82*h + 662. What is w(-8)?
6
Let j(n) = -7*n + 9. Determine j(14).
-89
Let a(m) = -11*m - 5. Give a(-1).
6
Let a(h) = -h**2 - 3*h - 1. Give a(-6).
-19
Let a(j) = -j**2 - 21*j - 121. What is a(-12)?
-13
Let n(h) = -6*h - 35. Determine n(-12).
37
Let s(l) = l + 2. Calculate s(-11).
-9
Let j(z) = z**3 + 21*z**2 + 40*z + 35. Calculate j(-19).
-3
Let c(h) = -h**3 + 4*h**2 + 3*h - 1. Determine c(5).
-11
Let f(i) = -8*i**3 + i**2 - i - 1. What is f(-1)?
9
Let p(i) = -i**2 + 6*i. C